1)).
15
Calculate -4 + (1 - -7) - (-50 + 33).
21
What is -20 + (-2 - -13) + 0?
-9
-11 - (-47 - (7 - (-6 + 16 + -5)))
38
Calculate -4 + -1 - (556 + -581).
20
Evaluate 3 + (8 - -2) - 1.
12
-14 - (-4 - (-9 - (2 + -17)))
-4
What is (-118 - -117) + (0 - 1 - 10)?
-12
Calculate -1 + 1 + (141 - 132) - -4.
13
-14 - (7 - (5 - -3 - -16))
3
What is the value of 5 - (-15 - -1) - 15?
4
(5 + 4 - -5) + -10
4
What is 4 + (-7 + -1 - (-15 - 1))?
12
What is the value of 4 + (-11 - 0) + 11 + 7 + 18?
29
What is the value of (2 - 1 - -6) + -2 + (4 - -2)?
11
What is the value of (-12 + (3 - 7) - -5) + -4?
-15
1266 + -1250 - (0 - -1)
15
Calculate 2 - (-12 + 12 + -4 - (2 + -1)).
7
(-33 - (17 + -25)) + 30
5
What is the value of 11 - (2 - 3) - (-411 + 416)?
7
What is the value of -47 + 39 + 4 + -6 + 13?
3
What is 43 + 4 + -14 - (6 - -10)?
17
-19 + (-1 + 0 - ((-4 - 23) + 21))
-14
What is the value of (25 + -10 - 29 - -16) + 15?
17
What is the value of -22 + (18 - -22) + -3?
15
Calculate -3 + 1 + -5 - (-4 + 6 + 1).
-10
What is the value of -30 + -11 + 67 - 2?
24
Calculate 5 + -1 + -1 + (14 - (-6 + 34)).
-11
Calculate -28 - (-2 + -7 + -5) - (1 - 7).
-8
Evaluate 31 + -17 + -46 + 17.
-15
Calculate -2 - -3 - (-5 - (15 - 11)).
10
What is 9 + (-20 - (-9 - (6 - 11)))?
-7
34 + 3 + -38 - (-2 - -1)
0
13 - (24 - 16) - (8 + 3)
-6
0 + -7 + (-118 - -119)
-6
What is 3 - (-15 - (0 + -10 - (57 + -70)))?
21
(-64 - -9 - -15) + 21
-19
What is 43 + -35 - -10 - 16?
2
Evaluate 23 + 6 + (7 - 67).
-31
Calculate (-8 - -22 - 6) + (2 - 18) + -9.
-17
Calculate 23 + (-30 - -19) + -23.
-11
Calculate -153 - -165 - (1 - 20).
31
Calculate (62 - 33) + (-24 - 21).
-16
What is the value of -8 - -1 - 0 - (-198 - -198)?
-7
What is the value of (-6 - -16) + ((-2 - -13) + -14 - -3)?
10
Evaluate 12 - ((219 - 196) + (1 - 11)).
-1
What is the value of 0 + 2 + 7 + -24 + 13 + -13?
-15
What is the value of 7 + 3 + -37 + 7?
-20
What is -11 - (-17 + 3 + -1)?
4
What is the value of 18 + -29 + 0 + (3 - 4) + -3?
-15
Evaluate (-113 + 144 - (8 + -4 + 1)) + -1.
25
-12 + 12 + -14 - -12
-2
Evaluate 1 + 0 + -10 - (30 + -54).
15
Calculate 1 + -15 + -8 + -21 + 22.
-21
Evaluate -3 - -6 - (2 + 6 + -20 + 4).
11
Evaluate (-19 - -3) + (41 - 36).
-11
-2 + 17 + -18 - 10
-13
What is the value of 33 + (12 - 14) + -29?
2
Evaluate -7 - (24 - (3 + -8 - (-4 + -5))).
-27
Evaluate 10 + 4 + (0 - (8 - 4)) + -1.
9
What is the value of -2 + -1 + -1 + -378 + 368 + 0?
-14
What is the value of 0 + 7 + (-6 - -19 - 34)?
-14
What is the value of 5 + -6 + (6 - 10) + -1 + 25?
19
What is the value of (4 - (0 + -2)) + 107 + -91?
22
Evaluate -330 + 320 - (1 - 19).
8
Calculate -120 + 118 + (8 - 3).
3
What is 3 - -1 - 12 - -10?
2
Evaluate (-2 - 22 - -16) + (-1 - -7) + 10.
8
-1 + 9 + 3 + -6 - (1 + 1)
3
Calculate 27 + 0 + 8 + -8 + -5 + 11.
33
Calculate -35 - (-9 + -12 + 1).
-15
Evaluate (3 - 1) + (8 - -1) + (-6766 - -6738).
-17
Evaluate 10 - 34 - -8 - -10.
-6
What is the value of (3 - (-3 + 2)) + -14 + -50 + 36?
-24
What is 3 + -3 + 15 + -29 - 13?
-27
Evaluate -32 + 15 + 23 + -14.
-8
What is 0 + -6 + (-2 - -13) + 10?
15
Evaluate (14 - (3 + -12)) + -2.
21
Calculate (20 - 2) + (-83 - -84 - (1 + 3)).
15
Evaluate -3 + (0 + (-1 - 5) - (27 - 31)).
-5
Evaluate 11 + -1 + (16 - 12).
14
What is 338 + -342 + (4 - 2) + -3 + -2?
-7
Evaluate 12 + -1 - (-113 - -132).
-8
Evaluate (-17 - -4) + (9 - (-3 - (-4 - 3))).
-8
Evaluate -3 - 0 - (653 + -674).
18
-3 + (11 + -2 - (-14 + 13))
7
13 + -18 + 0 + 18
13
Evaluate (-4 - (-10 + -30)) + (-33 - -18).
21
What is -4 - ((12 + -16 - -7) + -15)?
8
Evaluate 2 - (-8 - (-3 + 3 + -9)).
1
-2 - 1 - (191 + -200 - (3 - -1))
10
4 + -13 - 1 - -3 - -18
11
Evaluate (9 - (-8 - -5)) + (1 - 3 - 0).
10
Calculate -1 + 1 + -93 + 34 + 39.
-20
Calculate 16 + -45 + (-13 - -32).
-10
-82 - -48 - -35 - (-1 + 29)
-27
Evaluate -28 - (-8 - (34 - 13)).
1
Calculate -6 + 0 + -348 + 358.
4
-17 + 11 - (-1 - (-3 - -2))
-6
Evaluate (-711 - -724) + (-8 - (-1 + 0)).
6
Evaluate 6 - (-2 - -4) - -14 - -5.
23
What is 9 - (2 - (-8 + 3 - 1))?
1
Calculate 18 - (17 + -1 - (53 + -45)).
10
Evaluate -5 + (-7 - -7) + 13 + -8.
0
Calculate -1 - (6 - 0) - (44 + -29).
-22
Calculate -10 + (-15 - -13) + 1.
-11
24 + (0 - (10 + 5))
9
What is the value of -1 - 14 - ((-16 - -14) + 3)?
-16
What is (-8 - 0) + (706 - 711)?
-13
What is 1 + (-4 - -1) + (47 - 30 - 23)?
-8
Calculate -6 + (-25 - -32) + 13 + (0 - 1).
13
Evaluate 3 + (2 + 9 + 0 - 3 - 6).
5
What is -40 + 0 + 74 + -66 + (10 - 1)?
-23
What is the value of -13 + (4 - (7 + (-5 - 2)))?
-9
What is the value of -3 - (-7 - -5) - (-1 + (-3 - 2))?
5
Evaluate -2 - 1 - ((27 - 12) + -40).
22
7924 + -7910 + (-23 - (-1 - -1))
-9
Calculate -3 + (15 - 3) + (9 - 15) + -5.
-2
Evaluate 2 - (-13 + 1 + 11) - 5.
-2
Evaluate (0 - -8) + (6 - (-4 + 7)) + 5.
16
Calculate -2 - -5 - (-29 + 35).
-3
What is the value of -20 - (-6 + -12 + 3)?
-5
What is 15 + -24 + 3 + -9?
-15
1 + 3 + (-7 - (1 + -3))
-1
Evaluate 13 + 3 - (78 - 59).
-3
Calculate -27 + 23 - (2 + -13).
7
Evaluate -14 + (13 - -1) + 4.
4
Calculate -52 - (42 + -74 - -1).
-21
Calculate 6 + (-4 - 9) - 14.
-21
-40 - (9 + -18) - -61
30
Calculate ((-2 - -8) + -2 - 20) + 3.
-13
What is -5 + (6 - 2) + -4 + 3 + -4?
-6
-9 + 1 - (-11 + (-5 - 2))
10
Calculate (3 - -5 - 4) + -10 + 14.
8
What is the value of 9 + -4 + 2 - 12 - (-14 + 19)?
-10
Evaluate -1 + -16 - (0 + (-7 - -8) + -7).
-11
What is (-3 - -7) + (12 - 9) + 5?
12
3 + -5 + 7 + 0 - (24 + -17)
-2
What is -39 - (27 + (-2 - 14) - 24)?
-26
-7 - (-13 - ((8 - 6) + -6))
2
What is -24 - (-1 - 8) - -2 - -3?
-10
(-11 - (119 - 121 - (1 - 0))) + -7
-15
Evaluate -15 + 7 - (-47 - -26).
13
Calculate 1 + -32 + (25 + -1 - 12).
-19
9 - -13 - (50 + -38)
10
Calculate (-5 - -1) + 671 + -652.
15
What is the value of -19 - (-33 + (-19 - -30))?
3
Evaluate -8 + 2 - (-25 + 18).
1
Calculate (-8 + 0 - -13) + 11 + -4.
12
What is the value of 2 - (13 - (-3 - -2))?
-12
335 + -337 - (-13 + (-2 - -3) + 1)
9
What is the value of 13 + (-19 - (0 - 18) - (-10 - -1))?
21
What is -9 + -3 + 0 + 2 - (-203 - -208)?
-15
Calculate 8 + -11 + (8 - -4).
9
Calculate 17 + (-16 - -26 - 30).
-3
-1150 + 1178 - (16 + -1)
13
Evaluate -5 - -8 - (12 + (3 - 4 - -1)).
-9
Calculate 12 - (13 + 4) - 3.
-8
(-41 + 21 - (-2 - 2)) + -3
-19
Evaluate 5 - ((0 - (-5 - (4 + 3))) + -5).
-2
What is the value of 20 + (-24 - -28) - 41?
-17
Evaluate (2 - 0) + 2 + (-26 - -44) + -16.
6
Calculate -9 + -8 + 0 - -13.
-4
Calculate -20 + -1 - (-608 - -582).
5
(-29 - -32) + (-1 - 16)
-14
Evaluate (0 + 1 - (-5 + 15)) + 1 + -17.
-25
Calculate 4 + (-1 - -3 - (2 - -4)).
0
Calculate (257 - 233) + -19 + -1.
4
-6 - (-12 - -4 - (22 - 16))
8
What is -1 + 8 + (44 - (-15 - -58))?
8
What is (9 + 3 - 4) + (0 - -8)?
16
Calculate 12 - (-11 + (8 - -11)).
4
What is (4 - (5 + -2)) + 1 + -12?
-10
Evaluate -11 + 11 + -4 + -6 + -2.
-12
What is the value of -1 - (6 - (19 + -31)) - 0?
-19
Calculate 1 + (11 - 1) - 15.
-4
Calculate (-3 + -6 - -7) + 5 + (1 - 2).
2
What is the value of 0 + (-3 - -9) - (-5 - -13 - 12)?
10
What is (5 - 2) + 4 + 2?
9
What is the value of (-1 - (-18 + -4)) + -12?
9
What is the value of -1 - (1 + 7) - 8 - -41?
24
Evaluate (-13 - 13 - -14) + 12.
0
(25 + -37 - -13) + 5 + -1
5
Evaluate (199 - 221) + (17 - 3).
-8
What is the value of (-3 + -1 - -3) + 16 + 39 + -33?
21
What is -1 + (25 - 15) + 0 + -8?
1
Calculate -17 + (5 - 4) + (6 - (4 - 1)).
-13
Calculate 11 + -34 + 10 - -1.
-12
-14 - (-19 + 17 + 5)
-17
(21 - 0) + -509 + 514
26
(-6 - (3 + -15) - 8) + 4 - 3
-1
What is the value of 9 - ((0 - -20) + (-51 - -41) - -17)?
-18
-1 + 13 - (13 + -32 - -16)
15
Evaluate (-13 + 14 - -10) + -28.
-17
Evaluate -11 + 0 + -1 + (-45 - (-121 + 67)).
-3
-5 - (-2 + 0 - (-6 - -7))
-2
Evaluate -18 - (0 + -3 - (15 + -17)).
-17
4 + (-17 - -34) - (10 - 7)
18
Evaluate -4 + -1 - (9 + 2).
-16
What is the value of 1 + 3 - ((-2 - -16) + -13)?
3
What is the value of (-20 - (-8 - -12) - -17) + (2 - 1)?
-6
What is the value of 11 - 3 - -1 - (-14 - -20)?
3
Calculate (59 - (77 - 32)) + -5 + (-1 - -2).
10
Calculate -22 + 11 + -12 + 14.
-9
Evaluate -1 + 7 + -19 - (-10 - 1).
-2
What is -34 - -19 - (-2 + 2 + -4)?
-11
-36 - (16 - 66) - (3 - -1)
10
Calculate 3 + (-18 - 0) + (0 - -2).
-13
What is the value of -10 - ((10 - (20 + -12)) + -34 + 3)?
19
What is -1 + 11 + -14 - -13?
9
What is (3